(t) = -5*t - 8. Let w(g) = u*c(g) - 4*x(g). Give w(0).
-8
Let n(k) = -87*k + 84. Let z be n(1). Let w(l) = l - 1. Let t(m) = m - 1. Let o(j) = t(j) - 2*w(j). What is o(z)?
4
Let w(r) = -r + 13. Suppose -3*q - 2*c - 2*c = -81, -q + 27 = 3*c. Let b be -3 + q/6*2. Calculate w(b).
7
Let a = 9367 + -9358. Let u(c) = 2*c**3 - 17*c**2 - 12*c + 12. Determine u(a).
-15
Let d(v) = -4*v**2 - v + 2. Let u(n) = -n**2 - 6*n - 7. Let a be u(-7). Let x = 20 + a. Suppose -4*k + k = x. Determine d(k).
-12
Let b(s) = -s**2 + 2*s + 2. Let z(m) = 0*m - 6 + 34 - 4*m. Let y = 567 - 561. Let u be z(y). Give b(u).
-6
Suppose 7*i + i + 10*i - 7*i = 0. Let b(s) = 17*s + 5. What is b(i)?
5
Let n(l) = 29*l**2 + 16*l - 78. Let x(k) = -4*k**2 - k + 3. Let c(s) = n(s) + 7*x(s). What is c(-11)?
-35
Let z(i) = i**2 + 16*i + 32. Let c be z(-14). Suppose 13*o - 15*o = c. Let u(v) = 3*v**2 - 3*v - 2. Determine u(o).
16
Let f(j) = j - 10. Let w(z) = -z. Let d(h) = f(h) + 2*w(h). Let g be d(-13). Let c(x) = x**2 - 6*x - 4. What is c(g)?
-13
Let q(b) = -46*b**2 + b - 5 + 71 + 30*b**2 - 11*b + 14*b**2. Calculate q(-9).
-6
Let f(y) = -28 + 47 - 40*y - 38 + y**2 + 138 + 66. Determine f(35).
10
Let o(y) = -33*y**3 + y**2 + y. Let j(n) = -5*n**3 + 95*n**2 - n + 18. Let t be j(19). What is o(t)?
33
Suppose 2*q - 3*j - 7 = -0*q, 0 = -4*q - j + 7. Let y(g) = -2 + 1 - 5*g**q - 1 - 2*g + 3*g. Let d be 54/(-45) - (-40)/(-50). Calculate y(d).
-24
Let n(v) = v**3 + 9. Let w(q) = -17*q**2 + 33*q + 8. Let b(m) = 14*m**2 - 32*m - 8. Let z(x) = 3*b(x) + 2*w(x). Let h be z(4). Give n(h).
9
Let p(c) = c**3 + 12*c**2 + 10*c - 5. Let l(n) = -77*n**3 - n. Let t be l(1). Let x = t + 67. What is p(x)?
6
Let j(x) = 14*x**2 + 2*x - 5. Suppose 7*l - 7 - 3 = -3. What is j(l)?
11
Let q(g) = g**3 + 41*g**2 - 2*g - 84. Let y = 11846 - 11887. Give q(y).
-2
Suppose 58*t + 105 = 63*t. Let v be (-9)/t*49/(-7). Let j(d) = -d**3 + 4*d**2 - 5*d + 2. Calculate j(v).
-4
Suppose -3 + 12 = 3*j - 18. Let i(f) = f - 13. Give i(j).
-4
Let b(m) = m**3 - 8*m**2 + 5*m + 14. Suppose 27*n + 28*n - 385 = 0. Determine b(n).
0
Let r = -192 + 195. Let o(l) = 2*l**r - 13 - 4*l**2 + l + 0*l**3 + 12*l**2 - 3*l**3 + l**2. Determine o(9).
-4
Let o be (-10)/((-8)/(-92) - 528/5014). Let k be 2 - (-2)/(-4) - o/(-218). Let l(d) = -5*d + 6. Let r(s) = -4*s + 5. Let y(v) = -6*l(v) + 7*r(v). What is y(k)?
7
Let t(s) be the third derivative of -5*s**2 - 5/6*s**3 + 0 - 19*s - 5/24*s**4 + 1/60*s**5. Determine t(6).
1
Let h(q) be the second derivative of q**4/4 + q**3/2 - q**2/2 + 11498*q. Let c be 6*(1/(-2))/(-1). Calculate h(c).
35
Let o = 3 - -19. Suppose -2*d - 2 = 2*m, 3*m - d = 7 - o. Let b(x) = -x - 2. Let z(g) = 1. Let r(v) = -b(v) - 3*z(v). Calculate r(m).
-5
Let h(c) = -c**2 + 2*c**2 - 3816 + 3823 - 4*c. Let t(l) = -l**2 + 10*l + 11. Let b be t(11). Suppose -6*n + b = -36. Calculate h(n).
19
Let r(y) be the third derivative of -y**4/6 + 7*y**3/6 - 6*y**2 + 12*y. What is r(2)?
-1
Let j(n) be the second derivative of -2*n**3/3 + n**2/2 - 990*n. Suppose 3*w = -u + 7*w + 5, w = 3*u + 18. Let i be (-12)/u + (-6)/(-21). What is j(i)?
-7
Let s(w) = 69*w - 4. Suppose 4*x + 21*x - 25 = 0. What is s(x)?
65
Let g(y) = 3*y**2 - 9. Let w(n) = -7*n**2 - 3*n + 10. Let d(z) = -3*g(z) - 2*w(z). Determine d(-3).
34
Let b be 9 + (-5 + (-9)/(-1))*(-10)/(-20). Let q(i) = 4*i**3 - 45*i**2 + 12*i - 2. Determine q(b).
9
Let g be 2/(-1)*(40/(-16) - -3). Let b be ((-4)/5)/(16/(-40)). Let n(a) = b + 0*a**2 + 1 - 4 + 2*a**2 + a**3. Calculate n(g).
0
Let c be (-713)/115 - 2/(-10). Let p(d) be the first derivative of 0*d + 4 - 1/2*d**2. Calculate p(c).
6
Let t(m) = -3*m + 14. Let o(a) = -9*a + 48. Let l(x) = 4*o(x) - 11*t(x). Calculate l(12).
2
Let v(k) = k**3 + 5*k**2 + 5*k + 3. Let d be 92/20 - 5 - 54/(-10). Suppose -4*n - r - 2 - 16 = 0, d*n + 15 = -5*r. Calculate v(n).
-22
Let o(y) be the second derivative of -y**4/12 - 60*y. Let f(h) = 5*h**2 + h. Let x be (22/6)/(3/9). Let b(k) = x*o(k) + 2*f(k). Determine b(3).
-3
Let o(w) = 8*w**3 - w**2 + w - 1. Let k be o(2). Suppose 4*f + 5*h = k, -4*f - 11 = 2*h - 57. Suppose -6*r = -3*r + f. Let d(m) = -3*m - 1. Give d(r).
8
Let c(r) = -r + 18. Suppose -1451*g - 20 = -1447*g. Determine c(g).
23
Let w = -3 - 2. Let c(d) = -10 - 9*d - 3*d**2 - 12*d**2 + 17*d + 15 + 17*d**2. Give c(w).
15
Let i(o) be the first derivative of 0*o - 78 + 1/2*o**2. What is i(2)?
2
Suppose 4*x - 3*v = -15, -4*x + 5*v + 12 - 37 = 0. Suppose 2*g = -x*g - 4*a + 18, -4 = -4*a. Let u(c) = c**2 - 5*c - 1. Determine u(g).
13
Let j be 8/(-6)*(-6)/4. Let g = -6299 + 6301. Let w(r) = 8*r**g + 222 - r**3 - 220 - r**j - 6*r. Determine w(6).
2
Let p(z) be the third derivative of -z**5/60 - 7*z**4/24 + z**3/6 + 135*z**2 - 8. What is p(-7)?
1
Let y = -3 + -1. Let o be (-2 - 1) + y + 1. Let i(n) = -3*n + 12*n - 10*n - 1 + 5. Calculate i(o).
10
Suppose -258 = 5*o + 182. Let a be (-12)/(-42) - o/(-14). Let h(t) = 7*t - 11. Let b(w) = 19*w - 33. Let n(v) = -4*b(v) + 11*h(v). What is n(a)?
5
Let l(w) = -w + 6. Let t(g) = 2*g - 7. Let u(h) = -4*l(h) - 3*t(h). Let n be (-1)/(9/(-6) + 1). Suppose -2*r = -2*b - 4 - n, -2*r = b + 9. Determine u(b).
7
Let c(s) = -s**3 - 10*s**2 + 6*s - 44. Let y be ((-51)/68)/((-4)/(-48)) - 2. Calculate c(y).
11
Let x = -216 + 54. Let k = x - -166. Let j(f) be the third derivative of f**4/8 - f**3/2 - 2*f**2. Calculate j(k).
9
Suppose 2*x = -x + 9. Suppose 0 = x*p - 68 - 58. Let o = -45 + p. Let z(v) = -v**2 - 6*v - 3. Calculate z(o).
6
Let m(j) = 17*j**2 - 23 - 45*j + 3*j - 52*j**3 + 32*j**3 + 21*j**3. Determine m(-19).
53
Let l(s) = 57*s + 113. Suppose 0 = 511*a - 508*a - y + 5, -2*y = 2. Determine l(a).
-1
Let o be 4*9/48 + (-163)/4. Let k be (-19 - -2) + o/(-10). Let u(r) = r + 4. Calculate u(k).
-9
Let y(u) = -u**3 - 3*u**2 + 2*u - 3. Let s be y(-4). Let c(q) = -q**2 - 21 + 174 - 28 - 92 + 3*q + 0*q - 27. Calculate c(s).
-4
Let x(l) be the second derivative of -l**5/10 + l**4/6 + 73*l**3/6 + 103*l. Let m(u) be the second derivative of x(u). Determine m(3).
-32
Let d(u) = 3*u**2 - 2*u**2 + 6 + 4*u + 3*u. Let s(n) be the second derivative of n**4/12 - 11*n**3/6 + 23*n**2/2 - 127*n. Let l be s(7). Calculate d(l).
-4
Let t = -48 - -48. Suppose -5*l + p = 39, t = 5*l - l - 2*p + 36. Let u(z) = -z - 12. Calculate u(l).
-5
Let u = 11 + -6. Let d(n) be the first derivative of -n**4/24 - n**3/3 - 23*n**2 - n + 129. Let y(a) be the second derivative of d(a). What is y(u)?
-7
Suppose b = -0*s + s + 823, -5*b - 3*s = -4075. Let o(i) = 406*i + 414*i + 3 - b*i. Let t(m) = m. Let y be t(-5). Calculate o(y).
-7
Let v(s) = 3*s**3 - 3*s**2 - 3*s + 9. Let b(o) = 2*o**3 - o**2 - 6*o + 9. Let i(z) = z - 1. Let n(j) = -b(j) - 4*i(j). Let f(x) = 5*n(x) + 3*v(x). Give f(-2).
-8
Suppose 2 = 6*p - 10. Let k be ((-72)/(-126))/(p/7). Let s(i) = 0 + k + 6*i - 8 - i**2. Calculate s(5).
-1
Let y(m) = -6*m + 251 - 159 + 2 + 0*m. Calculate y(14).
10
Let o be ((-6150)/820)/(10/(-16)). Let g(w) = -w**3 + 12*w**2 - 4*w + 6. Determine g(o).
-42
Suppose 2*p = -5*f - 104, -37*f + 18 = -38*f + p. Let v(m) = m + 12. Determine v(f).
-8
Let u be 0 + -2 - (3 + -10). Suppose 3*d - 100 - 330 = u*f, -d + 5 = 0. Let t = f - -81. Let r(n) = -n**3 + 3*n**2 + 2*n. Determine r(t).
16
Let a(m) = -8 + 1 + 13*m - 11*m - m**2 - 5*m**2 - 10*m + m**3. Let d be (2 - 7)/(3/(-42)). Let o be 3/2*d/15. Give a(o).
-14
Let r = 322 + -305. Let s(h) = 7*h**2 - 6. Let q(b) = -20*b**2 + 17. Let i(m) = r*s(m) + 6*q(m). Determine i(5).
-25
Let k = 5 + -25. Let s = k - -29. Suppose -7*u - 80 = s*u. Let v(j) = 2*j + 5. Give v(u).
-5
Let a(z) be the third derivative of -z**5/30 + 83*z**4/24 + 137*z**3/6 + 5266*z**2. What is a(43)?
8
Let f(c) = 64*c - 22. Let r be f(2). Let d = r + -98. Let h(v) = -v + 6. Determine h(d).
-2
Let s(v) = -3*v**2 + 2*v. Let x(d) = 10*d**2 - 6*d. Let i(k) = 3*s(k) + x(k). What is i(0)?
0
Let x(q) = -q**2 + q + 29. Suppose 0 = -w - 2*z + 2, -12*w - 5*z - 22 = -14*w. Calculate x(w).
-1
Suppose -17 - 33 = -10*g. Let l(s) = -8*s - g*s - 5*s + 19*s + 1. What is l(2)?
3
Suppose 9*f = -10*f + 418. Suppose -31*h + f*h = -72. Let o(l) = l**2 - 6*l + 3. Calculate o(h).
19
Let o(g) = -g**2 - g - 1. Let b(i) = -11*i**2 - 5*i - 7. Let n(t) = b(t) - 5*o(t). Suppose -59*y = -49*y + 10550. Le